{"id":10,"date":"2024-05-08T14:35:06","date_gmt":"2024-05-08T14:35:06","guid":{"rendered":"https:\/\/asorquisan.org\/?page_id=10"},"modified":"2024-05-13T15:11:05","modified_gmt":"2024-05-13T15:11:05","slug":"acerca-de","status":"publish","type":"page","link":"https:\/\/asorquisan.org\/?page_id=10","title":{"rendered":"Acerca de"},"content":{"rendered":"\t\t<div data-elementor-type=\"wp-page\" data-elementor-id=\"10\" class=\"elementor elementor-10\">\n\t\t\t\t<div class=\"elementor-element elementor-element-4942f092 e-flex e-con-boxed e-con e-parent\" data-id=\"4942f092\" data-element_type=\"container\" data-e-type=\"container\">\n\t\t\t\t\t<div class=\"e-con-inner\">\n\t\t\t\t<div class=\"elementor-element elementor-element-90d456e elementor-widget elementor-widget-heading\" data-id=\"90d456e\" data-element_type=\"widget\" data-e-type=\"widget\" data-widget_type=\"heading.default\">\n\t\t\t\t<div class=\"elementor-widget-container\">\n\t\t\t\t\t<h2 class=\"elementor-heading-title elementor-size-default\">La Asociaci\u00f3n de Orquideolog\u00eda de Santander tiene por objeto.<\/h2>\t\t\t\t<\/div>\n\t\t\t\t<\/div>\n\t\t\t\t<div class=\"elementor-element elementor-element-3355e345 elementor-widget elementor-widget-text-editor\" data-id=\"3355e345\" data-element_type=\"widget\" data-e-type=\"widget\" data-widget_type=\"text-editor.default\">\n\t\t\t\t<div class=\"elementor-widget-container\">\n\t\t\t\t\t\t\t\t\t<p><\/p>\n<ul>\n<li>Educar, formar y orientar una conciencia ciudadana sobre la importancia de la protecci\u00f3n ambiental,\u00a0 fomentando la cultura ecol\u00f3gica y en especial la conservaci\u00f3n y multiplicaci\u00f3n de las orqu\u00eddeas en el territorio nacional y en el exterior.<\/li>\n<li>Divulgar y promover el estudio de las orqu\u00eddeas tanto en el territorio nacional como en el exterior.<\/li>\n<li>Estimular la participaci\u00f3n de la comunidad en el cultivo y protecci\u00f3n de las orqu\u00eddeas y en general de la biodiversidad.<\/li>\n<li>Motivar el conocimiento, el cultivo y protecci\u00f3n de las orqu\u00eddeas para lo cual se apoyara en investigaciones cient\u00edficas, se dictaran conferencias, talleres de trabajo, exposiciones, traducciones e obras, art\u00edculos y se organizaran toda clase de eventos de tipo cient\u00edfico, cultural y social que tenga como objeto la divulgaci\u00f3n del cultivo de las orqu\u00eddeas y la protecci\u00f3n de los recursos naturales.<\/li>\n<li>Establecer relaciones con las dem\u00e1s entidades nacionales o internacionales que se dediquen a objetos similares a los de esta Asociaci\u00f3n.<\/li>\n<li>La Asociaci\u00f3n podr\u00e1 realizar las siguientes actividades para dar cumplimento y desarrollar el objeto social:\u00a0 publicar revistas, seminarios, peri\u00f3dicos con temas que desarrollen el objeto social,\u00a0 organizar y asistir a exposiciones, prestar asesor\u00eda t\u00e9cnica, instalar viveros y ventas de plantas, flores, fertilizantes y en general,\u00a0 los elementos necesarios para los diversos cultivos, en\u00a0 resumen, realizarlos contratos que sean necesarios para cumplir con los fines de la Asociaci\u00f3n.<\/li>\n<\/ul>\n<p><\/p>\t\t\t\t\t\t\t\t<\/div>\n\t\t\t\t<\/div>\n\t\t\t\t\t<\/div>\n\t\t\t\t<\/div>\n\t\t<div class=\"elementor-element elementor-element-35c2b4d e-grid e-con-boxed e-con e-parent\" data-id=\"35c2b4d\" data-element_type=\"container\" data-e-type=\"container\">\n\t\t\t\t\t<div class=\"e-con-inner\">\n\t\t\t\t<div class=\"elementor-element elementor-element-f35e1aa elementor-widget elementor-widget-image\" data-id=\"f35e1aa\" data-element_type=\"widget\" data-e-type=\"widget\" data-widget_type=\"image.default\">\n\t\t\t\t<div class=\"elementor-widget-container\">\n\t\t\t\t\t\t\t\t\t\t\t\t\t\t\t<img fetchpriority=\"high\" decoding=\"async\" width=\"321\" height=\"243\" src=\"https:\/\/asorquisan.org\/wp-content\/uploads\/2024\/05\/asorquisan-3.jpg\" class=\"attachment-large size-large wp-image-113\" alt=\"\" srcset=\"https:\/\/asorquisan.org\/wp-content\/uploads\/2024\/05\/asorquisan-3.jpg 321w, https:\/\/asorquisan.org\/wp-content\/uploads\/2024\/05\/asorquisan-3-79x60.jpg 79w, https:\/\/asorquisan.org\/wp-content\/uploads\/2024\/05\/asorquisan-3-110x83.jpg 110w\" sizes=\"(max-width: 321px) 100vw, 321px\" \/>\t\t\t\t\t\t\t\t\t\t\t\t\t\t\t<\/div>\n\t\t\t\t<\/div>\n\t\t\t\t<div class=\"elementor-element elementor-element-7fa7b1d elementor-widget elementor-widget-image\" data-id=\"7fa7b1d\" data-element_type=\"widget\" data-e-type=\"widget\" data-widget_type=\"image.default\">\n\t\t\t\t<div class=\"elementor-widget-container\">\n\t\t\t\t\t\t\t\t\t\t\t\t\t\t\t<img decoding=\"async\" width=\"321\" height=\"243\" src=\"https:\/\/asorquisan.org\/wp-content\/uploads\/2024\/05\/asorquisan-2-1.jpg\" class=\"attachment-large size-large wp-image-114\" alt=\"\" srcset=\"https:\/\/asorquisan.org\/wp-content\/uploads\/2024\/05\/asorquisan-2-1.jpg 321w, https:\/\/asorquisan.org\/wp-content\/uploads\/2024\/05\/asorquisan-2-1-79x60.jpg 79w, https:\/\/asorquisan.org\/wp-content\/uploads\/2024\/05\/asorquisan-2-1-110x83.jpg 110w\" sizes=\"(max-width: 321px) 100vw, 321px\" \/>\t\t\t\t\t\t\t\t\t\t\t\t\t\t\t<\/div>\n\t\t\t\t<\/div>\n\t\t\t\t<div class=\"elementor-element elementor-element-ec35dc4 elementor-widget elementor-widget-image\" data-id=\"ec35dc4\" data-element_type=\"widget\" data-e-type=\"widget\" data-widget_type=\"image.default\">\n\t\t\t\t<div class=\"elementor-widget-container\">\n\t\t\t\t\t\t\t\t\t\t\t\t\t\t\t<img decoding=\"async\" width=\"321\" height=\"243\" src=\"https:\/\/asorquisan.org\/wp-content\/uploads\/2024\/05\/asorquisan-1-1.jpg\" class=\"attachment-large size-large wp-image-115\" alt=\"\" srcset=\"https:\/\/asorquisan.org\/wp-content\/uploads\/2024\/05\/asorquisan-1-1.jpg 321w, https:\/\/asorquisan.org\/wp-content\/uploads\/2024\/05\/asorquisan-1-1-79x60.jpg 79w, https:\/\/asorquisan.org\/wp-content\/uploads\/2024\/05\/asorquisan-1-1-110x83.jpg 110w\" sizes=\"(max-width: 321px) 100vw, 321px\" \/>\t\t\t\t\t\t\t\t\t\t\t\t\t\t\t<\/div>\n\t\t\t\t<\/div>\n\t\t\t\t\t<\/div>\n\t\t\t\t<\/div>\n\t\t<div class=\"elementor-element elementor-element-20c376d e-flex e-con-boxed e-con e-parent\" data-id=\"20c376d\" data-element_type=\"container\" data-e-type=\"container\">\n\t\t\t\t\t<div class=\"e-con-inner\">\n\t\t\t\t<div class=\"elementor-element elementor-element-b51d9a1 elementor-widget elementor-widget-heading\" data-id=\"b51d9a1\" data-element_type=\"widget\" data-e-type=\"widget\" data-widget_type=\"heading.default\">\n\t\t\t\t<div class=\"elementor-widget-container\">\n\t\t\t\t\t<h2 class=\"elementor-heading-title elementor-size-default\">Documentos varios<\/h2>\t\t\t\t<\/div>\n\t\t\t\t<\/div>\n\t\t\t\t\t<\/div>\n\t\t\t\t<\/div>\n\t\t<div class=\"elementor-element elementor-element-3ef9db6 e-grid e-con-boxed e-con e-parent\" data-id=\"3ef9db6\" data-element_type=\"container\" data-e-type=\"container\">\n\t\t\t\t\t<div class=\"e-con-inner\">\n\t\t\t\t<div class=\"elementor-element elementor-element-9ef9198 elementor-widget elementor-widget-button\" data-id=\"9ef9198\" data-element_type=\"widget\" data-e-type=\"widget\" data-widget_type=\"button.default\">\n\t\t\t\t<div class=\"elementor-widget-container\">\n\t\t\t\t\t\t\t\t\t<div class=\"elementor-button-wrapper\">\n\t\t\t\t\t<a class=\"elementor-button elementor-button-link elementor-size-sm\" href=\"https:\/\/asorquisan.org\/wp-content\/uploads\/2024\/05\/ESTATUTOS-Feb.-2017-qs.pdf\">\n\t\t\t\t\t\t<span class=\"elementor-button-content-wrapper\">\n\t\t\t\t\t\t\t\t\t<span class=\"elementor-button-text\">ESTATUTOS<\/span>\n\t\t\t\t\t<\/span>\n\t\t\t\t\t<\/a>\n\t\t\t\t<\/div>\n\t\t\t\t\t\t\t\t<\/div>\n\t\t\t\t<\/div>\n\t\t\t\t<div class=\"elementor-element elementor-element-c0360ce elementor-widget elementor-widget-button\" data-id=\"c0360ce\" data-element_type=\"widget\" data-e-type=\"widget\" data-widget_type=\"button.default\">\n\t\t\t\t<div class=\"elementor-widget-container\">\n\t\t\t\t\t\t\t\t\t<div class=\"elementor-button-wrapper\">\n\t\t\t\t\t<a class=\"elementor-button elementor-button-link elementor-size-sm\" href=\"https:\/\/asorquisan.org\/wp-content\/uploads\/2024\/05\/aSORQUISAN.pdf\">\n\t\t\t\t\t\t<span class=\"elementor-button-content-wrapper\">\n\t\t\t\t\t\t\t\t\t<span class=\"elementor-button-text\">ORGANIGRAMA<\/span>\n\t\t\t\t\t<\/span>\n\t\t\t\t\t<\/a>\n\t\t\t\t<\/div>\n\t\t\t\t\t\t\t\t<\/div>\n\t\t\t\t<\/div>\n\t\t\t\t\t<\/div>\n\t\t\t\t<\/div>\n\t\t\t\t<\/div>\n\t\t","protected":false},"excerpt":{"rendered":"<p>La Asociaci\u00f3n de Orquideolog\u00eda de Santander tiene por objeto. Educar, formar y orientar una conciencia ciudadana sobre la importancia de la protecci\u00f3n ambiental,\u00a0 fomentando la cultura ecol\u00f3gica y en especial &hellip; <\/p>\n","protected":false},"author":1,"featured_media":0,"parent":0,"menu_order":0,"comment_status":"closed","ping_status":"closed","template":"","meta":{"footnotes":""},"class_list":["post-10","page","type-page","status-publish","hentry"],"_links":{"self":[{"href":"https:\/\/asorquisan.org\/index.php?rest_route=\/wp\/v2\/pages\/10","targetHints":{"allow":["GET"]}}],"collection":[{"href":"https:\/\/asorquisan.org\/index.php?rest_route=\/wp\/v2\/pages"}],"about":[{"href":"https:\/\/asorquisan.org\/index.php?rest_route=\/wp\/v2\/types\/page"}],"author":[{"embeddable":true,"href":"https:\/\/asorquisan.org\/index.php?rest_route=\/wp\/v2\/users\/1"}],"replies":[{"embeddable":true,"href":"https:\/\/asorquisan.org\/index.php?rest_route=%2Fwp%2Fv2%2Fcomments&post=10"}],"version-history":[{"count":34,"href":"https:\/\/asorquisan.org\/index.php?rest_route=\/wp\/v2\/pages\/10\/revisions"}],"predecessor-version":[{"id":126,"href":"https:\/\/asorquisan.org\/index.php?rest_route=\/wp\/v2\/pages\/10\/revisions\/126"}],"wp:attachment":[{"href":"https:\/\/asorquisan.org\/index.php?rest_route=%2Fwp%2Fv2%2Fmedia&parent=10"}],"curies":[{"name":"wp","href":"https:\/\/api.w.org\/{rel}","templated":true}]}}